test common factor of 60600 and 85450.
50
Calculate the highest common factor of 2286238 and 42706.
326
Calculate the greatest common divisor of 1153956 and 6.
6
What is the highest common factor of 700106582 and 14?
14
What is the highest common divisor of 131400 and 228125?
1825
What is the highest common factor of 105 and 189079464?
21
Calculate the highest common factor of 37753058 and 238.
14
Calculate the greatest common factor of 11468705 and 25061.
1319
What is the greatest common factor of 39737 and 53167?
79
What is the highest common factor of 18 and 2934999?
9
What is the greatest common divisor of 820520 and 680360?
2920
What is the greatest common divisor of 10707 and 3415791?
129
Calculate the highest common divisor of 9142528 and 16188.
284
Calculate the highest common factor of 23586 and 25188.
6
What is the greatest common divisor of 1704238 and 42436?
206
What is the greatest common factor of 7752118 and 2046?
22
Calculate the highest common divisor of 19937504 and 2781.
103
What is the highest common factor of 538265 and 1480440?
845
What is the greatest common factor of 419702 and 6?
2
What is the greatest common factor of 330338 and 84074?
662
What is the greatest common factor of 1810 and 1396525?
5
Calculate the highest common divisor of 7 and 14683277.
7
Calculate the greatest common factor of 15878391 and 12.
3
What is the greatest common factor of 42616 and 722714090?
10654
What is the greatest common divisor of 3210856 and 10168?
248
Calculate the greatest common divisor of 69597 and 4936371.
627
Calculate the greatest common factor of 2212933 and 333.
37
Calculate the greatest common factor of 3 and 1930709.
1
What is the greatest common divisor of 1154413 and 7267?
13
What is the highest common divisor of 3692050 and 15?
5
What is the highest common factor of 361690 and 90006?
14
What is the highest common factor of 5555 and 6753769?
1111
Calculate the greatest common factor of 338390 and 1788124.
3562
Calculate the highest common divisor of 796587 and 8126.
239
Calculate the greatest common divisor of 44530529 and 538.
269
What is the highest common factor of 30327156 and 87568?
1684
Calculate the highest common factor of 359670 and 376707.
1893
Calculate the highest common divisor of 118802825 and 25.
25
Calculate the highest common divisor of 498 and 586536.
6
Calculate the highest common factor of 42 and 56342972.
14
Calculate the greatest common factor of 2266940 and 2392.
52
What is the highest common divisor of 1416563 and 3161?
29
Calculate the highest common factor of 604901 and 2795881.
4763
What is the greatest common factor of 141367 and 211103?
379
What is the greatest common divisor of 57049883 and 1111?
11
Calculate the greatest common factor of 1061482 and 2.
2
Calculate the highest common factor of 13545012 and 117.
39
Calculate the highest common factor of 2053274400 and 900.
900
Calculate the greatest common divisor of 4391594 and 27168.
566
What is the highest common divisor of 7443458 and 209?
11
What is the greatest common divisor of 1617787 and 30127?
47
Calculate the greatest common factor of 39149462 and 418.
418
Calculate the highest common divisor of 433476 and 3648.
12
What is the highest common divisor of 68341320 and 24648?
1896
What is the highest common divisor of 6438411 and 441?
63
Calculate the highest common factor of 1614 and 22292299.
269
What is the highest common divisor of 53669 and 1037505?
287
Calculate the greatest common factor of 3099930 and 40.
10
Calculate the greatest common factor of 3251391 and 693.
33
Calculate the highest common divisor of 27989674 and 654.
218
What is the highest common divisor of 4325 and 10975?
25
Calculate the greatest common divisor of 2205 and 11505445.
245
Calculate the greatest common divisor of 9456552 and 928.
232
What is the highest common divisor of 22517983 and 11039?
1577
Calculate the greatest common divisor of 1095 and 2917518.
219
What is the highest common factor of 6 and 1409358?
6
Calculate the highest common divisor of 6187605 and 34935.
2055
What is the greatest common divisor of 288 and 11027484?
36
Calculate the highest common divisor of 885874163 and 79.
79
What is the highest common factor of 4 and 6159632?
4
Calculate the highest common divisor of 4126482 and 18.
18
Calculate the highest common divisor of 137070 and 406314.
18
What is the greatest common divisor of 33 and 289027871?
11
Calculate the highest common factor of 390180 and 7840.
140
What is the highest common factor of 24 and 112688196?
12
Calculate the highest common divisor of 327546 and 4798725.
1761
Calculate the greatest common factor of 3640 and 9057880.
520
Calculate the greatest common divisor of 39550 and 33370030.
1130
What is the highest common factor of 14812254 and 36?
18
Calculate the highest common factor of 35 and 23761731.
7
Calculate the greatest common factor of 4919486 and 69973.
167
What is the highest common divisor of 65339087 and 127?
127
What is the greatest common divisor of 33734 and 9091414?
202
What is the greatest common factor of 237 and 2608797?
3
What is the highest common divisor of 4089693 and 7769?
457
What is the highest common factor of 8250 and 116244150?
1650
What is the highest common factor of 76 and 2888658160?
76
Calculate the highest common factor of 612 and 10258497.
153
Calculate the greatest common factor of 408720 and 340470.
390
Calculate the highest common divisor of 3982385 and 31405.
55
Calculate the highest common divisor of 9153 and 3133716.
339
What is the greatest common divisor of 3857280 and 2265?
15
Calculate the greatest common factor of 160460 and 748340.
1420
Calculate the greatest common divisor of 12984 and 12388359.
1623
Calculate the highest common factor of 1897958 and 1202.
1202
What is the greatest common divisor of 1797629 and 9493?
863
What is the highest common factor of 38954818 and 154?
14
Calculate the highest common divisor of 113622 and 43152.
174
What is the greatest common factor of 35935968 and 816?
48
What is the greatest common divisor of 875 and 564445?
35
Calculate the highest common divisor of 1582 and 21232022.
1582
Calculate the highest common divisor of 126500 and 940700.
2300
What is the highest common divisor of 662230 and 296?
2
What is the greatest common divisor of 20150 and 1398000?
50
Calculate the highest common divisor of 64972 and 1687496.
148
What is the greatest common factor of 16 and 25162?
2
Calculate the greatest common factor of 2844726 and 638.
58
Calculate the highest common factor of 181467 and 25883.
143
Calculate the greatest common factor of 12390027 and 13.
13
What is the highest common divisor of 85870 and 61494?
554
What is the greatest common factor of 350432 and 85352?
376
What is the greatest common factor of 65848 and 2894?
2
What is the greatest common factor of 26845 and 441497?
413
What is the greatest common divisor of 80164 and 12397?
49
What is the highest common divisor of 11785 and 6290?
5
Calculate the greatest common factor of 108438 and 11581878.
3498
What is the highest common factor of 1376 and 695654?
86
Calculate the greatest common divisor of 8 and 36317392.
8
What is the highest common divisor of 2230528 and 2816?
256
Calculate the highest common factor of 65 and 9231795.
5
Calculate the greatest common factor of 165 and 75495420.
165
Calculate the greatest common factor of 5796241 and 11.
11
What is the highest common factor of 921 and 25134397?
307
Calculate the greatest common factor of 2355 and 29444565.
2355
What is the greatest common factor of 28367 and 243124?
19
Calculate the greatest common divisor of 440084 and 9684.
1076
Calculate the highest common factor of 13438180 and 1060.
20
Calculate the greatest common divisor of 407392 and 7210136.
3512
Calculate the highest common divisor of 6039 and 30632919.
183
Calculate the highest common factor of 71535711 and 1020.
51
Calculate the greatest common divisor of 904178 and 2117.
73
What is the highest common divisor of 2624 and 3048896?
64
What is the highest common divisor of 605 and 93505?
5
What is the greatest common divisor of 4242 and 23507346?
606
What is the greatest common factor of 16466900 and 915448?
11164
What is the greatest common factor of 169893